factor of m and 118?
59
Let x(z) = -874*z**3 - 3*z**2 + z + 1. Let a be x(1). Let g = a + 1502. Calculate the highest common factor of g and 33.
33
Let u = -77300 - -77872. Suppose 5*n - 2 = 53. What is the highest common divisor of u and n?
11
Suppose 68*h + 16 = 69*h. Suppose 0 = -h*u + 21*u - 1600. Calculate the greatest common factor of u and 32.
32
Suppose -131*m + 126126 = -14*m. What is the greatest common divisor of 364 and m?
14
Suppose 345 = 3*l - 5*k, 24*l + 2*k + 226 = 26*l. Suppose 0 = -3*c - 10 - 8. Let b be (0 + 9/c)*l/(-15). What is the highest common divisor of b and 143?
11
Suppose 0 = -0*j + 2*j + 3*h + 4, 0 = -4*j + 5*h - 8. Let l(b) = 3*b**2 + 5*b + 4. Let g be l(j). Let w = 7 - 4. What is the highest common factor of g and w?
3
Let o = 3474 + -3192. What is the greatest common factor of 1034 and o?
94
Let x(j) = j**3 - 6*j**2 - 5*j + 8. Let q be x(7). Suppose -20 = y - q. Suppose -k - 15 = y*k, 2*r + 4*k = 58. What is the greatest common factor of 3 and r?
3
Suppose 3*g + 4 + 242 = 3*r, 3*g = -3*r + 258. Let m(u) = u**3 - 7*u**2 - 60*u + 74. Let h be m(13). Calculate the greatest common divisor of r and h.
28
Suppose -5*l + c + 26 = 0, 5*l = -16*c + 18*c + 27. Let h be (-3)/l - (-430)/50. Calculate the greatest common factor of 24 and h.
8
Suppose 4*n - 5*n + 3*w = -23, -2*n + w = -26. Suppose -n*p = -7*p - 400. Calculate the greatest common factor of 20 and p.
20
Suppose -37*h + 23*h = -5*h - 171. Let f = -29 + 181. What is the highest common factor of f and h?
19
Let i be (12/5)/((-30)/(-100)). Suppose -i*a = -2560 - 432. Calculate the highest common factor of a and 22.
22
Let l(z) = -z**3 + 30*z**2 - 26*z - 4. Let a be l(14). What is the highest common factor of a and 16?
16
Suppose -73*i + 1886 + 9940 = 0. Suppose -y + 4*y = -36. Let q be 1 + 20 - (-36)/y. Calculate the greatest common divisor of q and i.
18
Let v(l) = l**3 - 11*l**2 + 2*l - 13. Let y be v(12). Let h = -100 + y. Calculate the highest common divisor of h and 11.
11
Suppose 5*n - 235 = -2*y - y, 2*n = -4*y + 80. Suppose 0 = -2*k + 7*k - n. Let q = -9821 - -9951. Calculate the highest common factor of q and k.
10
Let n = -92 - -232. Suppose -3*z + 2*d + 580 = 0, -3*d = -z + 203 - 19. Suppose 7*h = -0*h + z. Calculate the greatest common divisor of n and h.
28
Suppose -2*z - r + 87 = 0, z - 3*r - 17 - 37 = 0. Calculate the greatest common divisor of z and 745.
5
Let m be (10 + -5 + -2)/((-3)/(-5)). Suppose -m*q + 2*h = -336, 12*q - 13*q - 3*h + 74 = 0. What is the highest common factor of 51 and q?
17
Suppose 133*r - 269*r + 540 = -130*r. Calculate the greatest common factor of 36 and r.
18
Let w = -3010 + 3148. Calculate the greatest common divisor of w and 4209.
69
Suppose -16*q - 58*q = -27*q - 3008. Calculate the greatest common factor of 872 and q.
8
Let r(n) = n - 11. Let k be r(-12). Let o = 43 + k. Let t be (4 - 1)/((264/32)/11). Calculate the greatest common divisor of t and o.
4
Suppose -3*p = -4*y - 842, 0*p - 4*p + 1140 = -y. What is the highest common divisor of 767 and p?
13
Let b = -362 - -392. Let s = 130 - 84. Let u = s + -31. What is the greatest common divisor of b and u?
15
Let x(v) = -18*v**3 + 6*v + 10. Let c be x(-3). Let i = -118 + c. Calculate the highest common factor of i and 12.
12
Let c = -23731 - -24447. Calculate the highest common divisor of c and 4.
4
Suppose 3*z + 4 = -4*s, -3*s - 7 = 4*z + 3. Let p(l) = 0*l**2 + 0*l + 12*l + 3 + s*l**2 - l. Let r be p(-7). Calculate the highest common factor of 3 and r.
3
Let f(m) = 8*m - 657. Let w be f(90). Calculate the highest common factor of w and 47313.
63
Suppose 15*i - 12700 - 7175 = 0. Suppose -3*z + 159 = -0*z. Calculate the greatest common factor of i and z.
53
Let x(p) = -227*p - 249. Let w be x(-3). What is the highest common factor of w and 2232?
72
Let m = -1293 + 1930. What is the highest common divisor of m and 819?
91
Let s(u) = 2*u**3 - 69*u**2 - 51*u + 646. Let y be s(35). What is the greatest common factor of 23134 and y?
86
Suppose 32*d = -241*d - 55*d + 29848. Let y(k) = 3*k + 4. Let n be y(3). What is the highest common factor of d and n?
13
Let m be 14/(-2)*(-1 + -1). Let g(b) = b**2 - 13*b + 32. Let p be g(13). Let f = 122 + p. Calculate the highest common divisor of m and f.
14
Let w(r) = -r**2 + 15*r + 56. Let p(u) = u**2 + 8*u + 31. Let a be p(-4). Let y be w(a). Calculate the greatest common divisor of y and 21.
7
Let s = -215 + 92. Let c = 132 + s. Calculate the highest common divisor of c and 225.
9
Suppose -69*k + 4*q = -74*k + 41, -50 = -5*k + 5*q. Let u be 7*(-4 - 8)*(-6)/k. What is the highest common factor of u and 42?
14
Let h = 50 + 153. Let j = -493459 + 493488. Calculate the highest common factor of j and h.
29
Let p(s) = 28*s - 54. Let c be p(8). Suppose c + 55 = 5*m. What is the greatest common factor of 30 and m?
15
Let r(f) = f**2 + 652*f + 13284. Let n be r(-21). Suppose -4*g + 1323 + 789 = 0. Calculate the greatest common factor of g and n.
33
Suppose i - 79 = 3*s, -95*s - 356 = -4*i - 93*s. Calculate the greatest common factor of i and 455.
91
Let o be (4/(-6))/(3/(-9)). Let n be 6/o - 0/(-2 + 4). Let t(f) = f**3 + f + 6. Let x be t(0). What is the highest common factor of x and n?
3
Let k be (16/18)/((-4)/(-54)*3). Suppose 5*o = k*q - 2*q + 702, -5*o + 5*q = -705. What is the highest common factor of 7 and o?
7
Let b(c) = -c - 141. Let s(k) = -9*k - 1833. Let f(r) = -27*b(r) + 2*s(r). Let x be f(-15). Calculate the highest common factor of x and 192.
6
Let h(p) be the first derivative of 6*p**2 + 207*p - 122. Let r be h(-13). What is the greatest common factor of 119 and r?
17
Let z = 55 - 330. Let a = z - -305. Let j be (0 + 6/(-8))*-20. Calculate the highest common factor of j and a.
15
Suppose 3*j = -4*s + 9, 2*s - 3*j - j + 12 = 0. Let g be 5/60*-4*(s + -42). Suppose -6 + g = 2*b. Calculate the greatest common factor of b and 4.
4
Suppose 132936 = 29*l - 0*l. Calculate the greatest common factor of 24 and l.
24
Suppose 0 = 4*a + 4*b - 2648, -105*b = -4*a - 104*b + 2618. Calculate the highest common divisor of 1200 and a.
16
Suppose -7*q = -3*q - 3*t - 52, 0 = -2*q - 5*t. Let r be -18*(-5)/q - 1. What is the greatest common factor of r and 64?
8
Let q be ((-300)/126)/((-3)/5967) + 2/7. What is the greatest common factor of 512 and q?
128
Suppose -30 = 3*o - 3*r, -2*r = 3*r - 25. Let l be (-44)/16 + o/20. Let n be -33*(-1 + 0/l). What is the greatest common factor of n and 33?
33
Let c(s) = -6*s + 14. Let k = 4 - -10. Let f = k - 12. Let v be c(f). What is the greatest common factor of 8 and v?
2
Suppose 0 = -0*g + g - 22. Let r(o) = o**2 - 20*o + 14. Let h be r(20). Let y be (-4)/h + (-4 - (-3448)/14). Calculate the highest common factor of g and y.
22
Let u(q) = -23*q + 991. Let b be u(15). What is the greatest common divisor of b and 380?
38
Let t(c) = 2*c**2 + 33*c + 40. Let o be t(10). Let u be 7 - (-2)/(12/138). Calculate the greatest common divisor of o and u.
30
Let c(r) = -r**2 + 12*r + 5. Let i be c(0). Suppose 3*j + 3*b = 45, -2*b + i*b - 9 = 0. What is the greatest common divisor of j and 1536?
12
Let o be 442/(-187)*-11 - -1. Calculate the highest common divisor of 783 and o.
27
Let o(c) = -c**3 - 4*c**2 + 14. Let d be o(-4). What is the highest common factor of 106 and d?
2
Suppose i = 3*t - 5564, -4*t + 25*i = 30*i - 7406. What is the greatest common factor of 103 and t?
103
Suppose -35*c + 141 = 3*y - 30*c, -4*y + 188 = 9*c. What is the greatest common divisor of y and 13?
1
Let x = 158 - 142. Suppose -x*n + 13*n = -75. What is the greatest common divisor of 425 and n?
25
Let x be (2109/185)/(12/100). What is the greatest common divisor of 160 and x?
5
Let n = -50 - -55. Suppose -13*c = -12*c - n. Calculate the highest common factor of 10 and c.
5
Let f be (12/14)/((-1)/7). Let v be ((-2)/(-4))/((-1)/f). Let q = -155323 - -155371. What is the greatest common divisor of v and q?
3
Let b(f) = -3*f**2 + 51*f + 313. Let n be b(20). Calculate the highest common divisor of n and 63.
7
Let v be (34 - 13) + (4 + (-39)/6)*-2. What is the highest common factor of 559 and v?
13
Let f be (-1)/(-4) + 876/16. What is the greatest common divisor of f and 55?
55
Let d = 170 + -160. Let w be -2*5/d*-19. Let f = -51 + 108. Calculate 